{"id":17,"date":"2014-10-16T16:37:47","date_gmt":"2014-10-16T14:37:47","guid":{"rendered":"http:\/\/theater.egoserv.com\/?page_id=17"},"modified":"2014-10-16T16:37:47","modified_gmt":"2014-10-16T14:37:47","slug":"herzlich-willkommen-bei-unserem-theaterverein","status":"publish","type":"page","link":"https:\/\/theaterverein-lohe-rickelshof.de\/?page_id=17","title":{"rendered":"Herzlich willkommen bei unserem Theaterverein"},"content":{"rendered":"<p><small>Siet 20.01.1970 gifft dat unsen Vereen. To Tiet hebbt wi 152 Mitglieder, Ehrenmitglieder s\u00fcnd Fritz und Helga Fischer. So um un bi 30 L\u00fc\u00fcd spelt aktiv bi de Een- und Mehrakter mit. In de Versammlung und op de B\u00fchne warrt Platt schnackt.<br \/>\nWi speelt un \u00f6\u00f6vt op unse B\u00fchne in`t D\u00f6rpshus. Un wi w\u00f6rrn uns bannig freun \u00f6ver L\u00fc\u00fcd, de geern mit uns tosamen Theater speelen w\u00fcllt.<br \/>\n<\/small><\/p>\n","protected":false},"excerpt":{"rendered":"<p>Siet 20.01.1970 gifft dat unsen Vereen. To Tiet hebbt wi 152 Mitglieder, Ehrenmitglieder s\u00fcnd Fritz und Helga Fischer. So um un bi 30 L\u00fc\u00fcd spelt aktiv bi de Een- und Mehrakter mit. In de Versammlung und op de B\u00fchne warrt Platt schnackt. Wi speelt un \u00f6\u00f6vt op unse B\u00fchne in`t D\u00f6rpshus. Un wi w\u00f6rrn uns &hellip;<\/p>\n","protected":false},"author":2,"featured_media":0,"parent":0,"menu_order":1,"comment_status":"closed","ping_status":"closed","template":"","meta":{"footnotes":""},"class_list":["post-17","page","type-page","status-publish","hentry"],"_links":{"self":[{"href":"https:\/\/theaterverein-lohe-rickelshof.de\/index.php?rest_route=\/wp\/v2\/pages\/17","targetHints":{"allow":["GET"]}}],"collection":[{"href":"https:\/\/theaterverein-lohe-rickelshof.de\/index.php?rest_route=\/wp\/v2\/pages"}],"about":[{"href":"https:\/\/theaterverein-lohe-rickelshof.de\/index.php?rest_route=\/wp\/v2\/types\/page"}],"author":[{"embeddable":true,"href":"https:\/\/theaterverein-lohe-rickelshof.de\/index.php?rest_route=\/wp\/v2\/users\/2"}],"replies":[{"embeddable":true,"href":"https:\/\/theaterverein-lohe-rickelshof.de\/index.php?rest_route=%2Fwp%2Fv2%2Fcomments&post=17"}],"version-history":[{"count":0,"href":"https:\/\/theaterverein-lohe-rickelshof.de\/index.php?rest_route=\/wp\/v2\/pages\/17\/revisions"}],"wp:attachment":[{"href":"https:\/\/theaterverein-lohe-rickelshof.de\/index.php?rest_route=%2Fwp%2Fv2%2Fmedia&parent=17"}],"curies":[{"name":"wp","href":"https:\/\/api.w.org\/{rel}","templated":true}]}}