{"id":84,"date":"2014-10-22T18:07:32","date_gmt":"2014-10-22T16:07:32","guid":{"rendered":"http:\/\/theater.egoserv.com\/?page_id=84"},"modified":"2026-02-24T09:47:57","modified_gmt":"2026-02-24T09:47:57","slug":"theaterstuecke-die-zur-auffuehrung-kamen","status":"publish","type":"page","link":"https:\/\/theaterverein-lohe-rickelshof.de\/?page_id=84","title":{"rendered":"Theaterst\u00fccke die zur Auff\u00fchrung kamen"},"content":{"rendered":"<p><strong>2026 &#8211; 400 V und all\u00b4ns is vergeten<\/strong><\/p>\n<p><strong>2023 &#8211; November &#8211; Bankraub mit Rollator<\/strong><\/p>\n<p><strong>2023 &#8211; Januar &#8211; WG Wohnsinn<\/strong><\/p>\n<p><strong>2020 &#8211; Vulle Pangschon mit Familijenanschlu\u00df<\/strong><\/p>\n<p><strong>2019 &#8211; L\u00f6gen hebbt kotte Been<\/strong><\/p>\n<p><strong>2017 &#8211; Leever ledig un frie<\/strong><\/p>\n<p><strong>2016 &#8211; Se k\u00fcnn\u00b4kooken<\/strong><\/p>\n<p style=\"width: 842px; height: 34px;\"><strong>2015<\/strong> &#8211; <strong>Verd\u00e4chig unsch\u00fcllig<\/strong> ( Einakter) und <strong>Hinnerk un ed roden Lampen<\/strong> (Dreiakter)<\/p>\n<p><strong>2014 &#8211; Keen is de Voder<\/strong> &#8211; Nach einem Schank in zwei Akten von Ernst Heyda<\/p>\n<p><strong>2013 &#8211; Arven un nich starven<\/strong> &#8211; Plattdeutsches Lustspiel in drei Akten von Wolfgang Binder<br \/>\n<strong>2012 &#8211; Kaffeefohrt &#8211; eenmol anners<\/strong> &#8211; Nach einem Lustspiel in einem Akt von Beate Irmisch<br \/>\n<strong>2011 &#8211; Unkeen k\u00fcsst mi ?<\/strong> &#8211; Een Kom\u00f6die in dree Akten vun Uschi Schilling<br \/>\n<strong>2011 &#8211; Emmas Loden<\/strong> &#8211; Een Schwank in dree T\u00f6rns vun Anke Vogt<br \/>\n<strong>2010 &#8211; De 80. Geburtsdag<\/strong> &#8211; Een Schwank in een T\u00f6rn vun Walter G.Pfaus<\/p>\n<p style=\"width: 68px; height: 27px;\"><strong>\u00a0<\/strong><\/p>\n<p>&nbsp;<\/p>\n<p><strong>\u00a0<\/strong><\/p>\n","protected":false},"excerpt":{"rendered":"<p>2026 &#8211; 400 V und all\u00b4ns is vergeten 2023 &#8211; November &#8211; Bankraub mit Rollator 2023 &#8211; Januar &#8211; WG Wohnsinn 2020 &#8211; Vulle Pangschon mit Familijenanschlu\u00df 2019 &#8211; L\u00f6gen hebbt kotte Been 2017 &#8211; Leever ledig un frie 2016 &#8211; Se k\u00fcnn\u00b4kooken 2015 &#8211; Verd\u00e4chig unsch\u00fcllig ( Einakter) und Hinnerk un ed roden Lampen &hellip;<\/p>\n","protected":false},"author":2,"featured_media":0,"parent":0,"menu_order":16,"comment_status":"closed","ping_status":"closed","template":"","meta":{"footnotes":""},"class_list":["post-84","page","type-page","status-publish","hentry"],"_links":{"self":[{"href":"https:\/\/theaterverein-lohe-rickelshof.de\/index.php?rest_route=\/wp\/v2\/pages\/84","targetHints":{"allow":["GET"]}}],"collection":[{"href":"https:\/\/theaterverein-lohe-rickelshof.de\/index.php?rest_route=\/wp\/v2\/pages"}],"about":[{"href":"https:\/\/theaterverein-lohe-rickelshof.de\/index.php?rest_route=\/wp\/v2\/types\/page"}],"author":[{"embeddable":true,"href":"https:\/\/theaterverein-lohe-rickelshof.de\/index.php?rest_route=\/wp\/v2\/users\/2"}],"replies":[{"embeddable":true,"href":"https:\/\/theaterverein-lohe-rickelshof.de\/index.php?rest_route=%2Fwp%2Fv2%2Fcomments&post=84"}],"version-history":[{"count":3,"href":"https:\/\/theaterverein-lohe-rickelshof.de\/index.php?rest_route=\/wp\/v2\/pages\/84\/revisions"}],"predecessor-version":[{"id":461,"href":"https:\/\/theaterverein-lohe-rickelshof.de\/index.php?rest_route=\/wp\/v2\/pages\/84\/revisions\/461"}],"wp:attachment":[{"href":"https:\/\/theaterverein-lohe-rickelshof.de\/index.php?rest_route=%2Fwp%2Fv2%2Fmedia&parent=84"}],"curies":[{"name":"wp","href":"https:\/\/api.w.org\/{rel}","templated":true}]}}